- (-72407)/183. Calculate the greatest common divisor of 237 and u.
79
Let m be 370/8*(-4)/10*-4. Suppose 15*c = 13*c + m. What is the highest common factor of c and 111?
37
Suppose -p - 1 + 16 = 0. Suppose -z + 7 - 24 = 2*y, -5*z + 4*y = 43. Let b(h) = -h**2 - 16*h - 10. Let j be b(z). What is the greatest common factor of j and p?
15
Suppose -70*d + 63*d + 168 = 0. What is the highest common divisor of d and 32?
8
Suppose c = -5*h + 64, -h + 0*c - 8 = -5*c. Let b(f) = f + 15. Let l be b(105). Calculate the greatest common divisor of l and h.
12
Let w(k) = 7*k + 9. Let o be w(16). Let d = 217 - o. What is the highest common divisor of d and 8?
8
Suppose -16 = -t - 2*p, 2*t - 14*p + 9*p - 50 = 0. Let o be 2/(-4) - (-183)/6. Calculate the greatest common factor of t and o.
10
Let p = -24 - -26. Suppose -2*i = 5*w - 23, -4 = -p*i + 4. Suppose 0 = l + w*l - 256. What is the highest common factor of 8 and l?
8
Let y be ((-75)/(-10) - 6)*(2 + 0). Suppose -5*h + 12 = 2. Suppose l - 19 = -h*q + 19, y*l = -6. Calculate the greatest common divisor of 10 and q.
10
Let d = -310 + 320. What is the highest common factor of 22 and d?
2
Suppose 98*l - 93*l - 115 = 0. Calculate the greatest common factor of l and 184.
23
Suppose 0 = -4*l + 38 + 178. Suppose -3*w = 5*q - 849, q + 0*q - 173 = w. Let t = q - l. Calculate the highest common factor of t and 13.
13
Let h be (-16)/(-12)*(88 - 1). Suppose -g + 69 = y - 53, y - h = -3*g. What is the greatest common factor of 25 and y?
25
Let j(p) = -p**3 + p**2 + 7*p + 3. Let v be j(0). What is the greatest common factor of 48 and v?
3
Suppose -53*t = -3*t - 6200. Calculate the highest common divisor of 682 and t.
62
Let w = -288 - -323. Calculate the greatest common factor of w and 5.
5
Suppose -3*n = -5*l - 40, -3*l + 2*n + n = 24. Let r be (33/88 - 317/l)*1. What is the highest common divisor of r and 16?
8
Let c = 30 + -12. Let y(m) = 2*m**2 - 2*m - 15. Let f be y(-5). Calculate the greatest common divisor of c and f.
9
Let r = 6 - 3. Suppose -r*n + 15 = -0*n. Suppose -a - 2*d + 6 = 0, 0*a + a = n*d + 13. What is the greatest common divisor of 8 and a?
8
Let u be (-1)/4 - (((-10)/40 - 9) + 6). Suppose 0 = 3*g - 2*b - 23, 5*g - b - 2*b = 39. Calculate the highest common divisor of u and g.
3
Suppose -27*p + 20*p = -308. Suppose p = -15*w + 16*w. What is the greatest common factor of 11 and w?
11
Let z = -727 + 969. What is the greatest common divisor of z and 44?
22
Suppose 1 + 109 = -10*t. Let u be -2 + (-1 - (2 + t) - 4). What is the highest common factor of 18 and u?
2
Let k be 10/125*-5 - (-284)/10. Calculate the highest common factor of k and 8.
4
Let o be ((-10)/(-12))/((-5)/(-150)). Calculate the highest common factor of o and 20.
5
Suppose -15*a + 18*a = -2*q + 606, 3*a = 12. What is the greatest common factor of 66 and q?
33
Suppose -3*q + 4*g + 300 = 0, -5*q + 477 = -30*g + 31*g. Calculate the highest common divisor of q and 36.
12
Let s be 3/(-4) + (-1)/4. Let a be (-46)/s - (-1 + 1). Let c = a + -25. What is the highest common factor of 7 and c?
7
Let g(z) = z**3 - 4*z**2 + 13*z - 10. Let j be g(8). Suppose -8*a + j = -90. What is the highest common divisor of a and 22?
11
Let a be (7/2 - 3)/(2/420). Let l = a - 54. Suppose -h + 6*h = 85. Calculate the highest common factor of h and l.
17
Let c = -875 + 353. Let a be 3 - (c/14 - (-22)/77). What is the highest common divisor of a and 60?
20
Suppose 18*m - 32 = 10*m. What is the greatest common factor of m and 54?
2
Suppose -4*a = -16, 0 = 2*g - 7*a + 4*a - 20. Calculate the highest common factor of 752 and g.
16
Suppose 135*w - 141*w = -192. What is the highest common factor of 24 and w?
8
Suppose -3*y - 368 + 17 = 0. Let q be (-2899)/y + (-2)/(-9). Calculate the highest common factor of 10 and q.
5
Suppose -2*z = -7*z + 15. Let f(b) = b**2 + b. Let x be f(z). Suppose 0 = 3*m + x, -m - 8 - 18 = -2*c. Calculate the greatest common divisor of 33 and c.
11
Suppose -13*m = -307 - 57. What is the highest common divisor of m and 196?
28
Let y be (-38)/(-209) + (-1483)/(-11). Let m = 234 - y. What is the greatest common divisor of 9 and m?
9
Suppose -1 + 5 = n. Let q = 61 - 55. Let w(t) = 3*t**2 - 16*t + 8. Let f be w(q). What is the greatest common factor of f and n?
4
Suppose -3*c + 3*s + 40 = 7, -3*c - 4*s = -47. Suppose 16*m = c*m + 54. What is the greatest common divisor of m and 162?
18
Let j = 22319 + -22316. Suppose 0 = -3*r + 6 - 3. What is the greatest common factor of j and r?
1
Let a be 6 + -2 + -6 + 4. Suppose -b - a = 0, -4*m + 4*b + 71 = -201. What is the highest common factor of m and 22?
22
Let i be -3 - 45/6*-18. Calculate the greatest common divisor of i and 33.
33
Suppose -b = 3*r, -4*b - 4*r = -50 + 10. Suppose 15 = -2*v - 67. Let f = 4 - v. What is the greatest common divisor of b and f?
15
Let r be (-39)/351 + (-1)/(18/(-776)). What is the highest common factor of r and 559?
43
Let y(p) = p**3 - 15*p**2 + 3*p + 26. Let w be y(15). Suppose 5*f - w = 9. Calculate the highest common divisor of 16 and f.
16
Suppose 2*l + 3*l = 25, -5*l - 125 = -3*t. Let b(v) = -2*v**3 - 5*v**2 + v + 11. Let o be b(-2). What is the greatest common divisor of o and t?
5
Let c(a) = 3*a**3 - 7*a**2 + 2*a + 3. Let x be c(2). Let d be 0 + (-1 - -38) - 1. What is the greatest common divisor of d and x?
3
Let i = 669 - 658. What is the greatest common divisor of 88 and i?
11
Suppose -3*n = -114 - 30. Let q(c) = -373*c + 2270. Let s be q(6). Calculate the greatest common divisor of s and n.
16
Let x be 7 - (-194 - 2)*5. What is the greatest common factor of x and 47?
47
Let v = 32 + -22. Let k = -5 - 87. Let w = k + 142. What is the greatest common factor of v and w?
10
Suppose 0 = 3*s, -3*s - 5 = 4*r - 17. Calculate the highest common factor of 24 and r.
3
Suppose 4*u + 41 = 5*g, -4*u = 4*g - 5*u - 24. Suppose -3 - g = -4*j. Suppose j*n + 3*n - 85 = 0. What is the highest common divisor of 17 and n?
17
Suppose -4*k = -7*k + 1176. Calculate the highest common factor of 49 and k.
49
Let m = -35 - -51. Suppose 2*t - t + 2*n = 15, m = 4*n. Let p(c) = 2*c**2 + 3*c - 2. Let r be p(-3). What is the highest common divisor of t and r?
7
Suppose 1534 = 15*s - 12*s - 5*o, 2 = 2*o. Calculate the greatest common factor of s and 57.
57
Let m be 0 - -1 - (7 - 3 - 19). Calculate the greatest common divisor of m and 72.
8
Suppose 382 = 3*q + c - 5*c, -144 = -q - 2*c. Suppose 4*f = u + q, 2*u + 2 + 2 = 0. What is the highest common divisor of 11 and f?
11
Let a = 133 - 128. Suppose -a*l - 7*l = -168. What is the greatest common divisor of 14 and l?
14
Let s(a) = 2*a**2 + 15*a + 133. Let b be s(-9). Calculate the greatest common divisor of 60 and b.
20
Suppose -10*f + 642 = -2148. Calculate the greatest common factor of f and 31.
31
Suppose -2*c + 474 = -0*c + 4*m, 2*m = 0. What is the greatest common divisor of c and 3?
3
Suppose 5*o - 11 = 5*j - 31, 2*j - o = 7. Suppose 3*u + 18 = -5*c, c - 2*u + 14 = -0*u. Let p be (c/10 + 0)*-45. What is the highest common divisor of p and j?
3
Suppose 4*t - 472 = -3*g - 140, -3*g - 5*t = -337. What is the highest common divisor of 78 and g?
26
Suppose -3*x - 25 = -4*g - 6*x, g + 11 = 5*x. Suppose -3*v + 4*i = -26, g*v + 3*i + 20 - 63 = 0. Calculate the highest common factor of v and 50.
10
Suppose -3*t = -4*t + 3*k + 96, -2*t + 200 = -4*k. Suppose -2*y = 13 - 47. Suppose -5 + y = x. Calculate the highest common factor of x and t.
12
Suppose 2*p = 8 + 8. Let a = 34 - 26. Let s(x) = 10*x - 24. Let k be s(a). What is the greatest common divisor of k and p?
8
Let v(h) = -h + 5. Let t be 3 + 1/(3 - 2). Let x be v(t). Let w be 40 + 1 - (0 - x). What is the highest common divisor of 105 and w?
21
Suppose 0 = -17*c + 113 + 176. Calculate the greatest common factor of c and 153.
17
Suppose -9*c + 40 = -5*c. What is the highest common divisor of c and 80?
10
Let h(v) = -10 - 3*v + 1 + 2*v**2 + 2 - 3. Let n be h(8). Let t = 166 - n. What is the highest common factor of 12 and t?
12
Let a(d) = -d + 72. Let f be 2 + (-7)/(7/2). Suppose -6*k + k = f. Let t be a(k). What is the greatest common factor of t and 24?
24
Let l be (-2)/9 + 1 + 310/18. What is the greatest common divisor of l and 1278?
18
Let l = 176 + -84. What is the highest common factor of 322